{"id":73,"date":"2024-04-20T19:03:39","date_gmt":"2024-04-20T17:03:39","guid":{"rendered":"https:\/\/sobrecomo-bm.fr\/?page_id=73"},"modified":"2024-09-16T14:52:53","modified_gmt":"2024-09-16T12:52:53","slug":"accueil","status":"publish","type":"page","link":"https:\/\/sobrecomo-bm.fr\/","title":{"rendered":"ACCUEIL"},"content":{"rendered":"\t\t<div data-elementor-type=\"wp-page\" data-elementor-id=\"73\" class=\"elementor elementor-73\">\n\t\t\t\t<div class=\"elementor-element elementor-element-76c5929 e-flex e-con-boxed e-con e-parent\" data-id=\"76c5929\" data-element_type=\"container\" data-settings=\"{&quot;background_background&quot;:&quot;classic&quot;}\">\n\t\t\t\t\t<div class=\"e-con-inner\">\n\t\t\t\t<div class=\"elementor-element elementor-element-48602fec elementor-widget elementor-widget-heading\" data-id=\"48602fec\" data-element_type=\"widget\" data-widget_type=\"heading.default\">\n\t\t\t\t<div class=\"elementor-widget-container\">\n\t\t\t<h1 class=\"elementor-heading-title elementor-size-default\">Au service de\nvotre  comptabilit\u00e9\nd'entreprise<\/h1>\t\t<\/div>\n\t\t\t\t<\/div>\n\t\t\t\t<div class=\"elementor-element elementor-element-75b892ef elementor-align-center elementor-widget elementor-widget-button\" data-id=\"75b892ef\" data-element_type=\"widget\" data-widget_type=\"button.default\">\n\t\t\t\t<div class=\"elementor-widget-container\">\n\t\t\t\t\t<div class=\"elementor-button-wrapper\">\n\t\t\t<a class=\"elementor-button elementor-button-link elementor-size-sm\" href=\"https:\/\/sobrecomo-bm.fr\/index.php\/contact\/\">\n\t\t\t\t\t\t<span class=\"elementor-button-content-wrapper\">\n\t\t\t\t\t\t\t\t\t<span class=\"elementor-button-text\">Nous-contacter<\/span>\n\t\t\t\t\t<\/span>\n\t\t\t\t\t<\/a>\n\t\t<\/div>\n\t\t\t\t<\/div>\n\t\t\t\t<\/div>\n\t\t\t\t\t<\/div>\n\t\t\t\t<\/div>\n\t\t<div class=\"elementor-element elementor-element-4850372e e-con-full e-flex e-con e-parent\" data-id=\"4850372e\" data-element_type=\"container\" data-settings=\"{&quot;background_background&quot;:&quot;classic&quot;}\">\n\t\t<div class=\"elementor-element elementor-element-14b9e69b e-con-full e-flex e-con e-child\" data-id=\"14b9e69b\" data-element_type=\"container\" data-settings=\"{&quot;background_background&quot;:&quot;classic&quot;}\">\n\t\t\t\t<div class=\"elementor-element elementor-element-64fabbc0 elementor-hidden-tablet elementor-hidden-mobile elementor-widget elementor-widget-image\" data-id=\"64fabbc0\" data-element_type=\"widget\" data-widget_type=\"image.default\">\n\t\t\t\t<div class=\"elementor-widget-container\">\n\t\t\t\t\t\t\t\t\t\t\t\t\t<img fetchpriority=\"high\" decoding=\"async\" width=\"600\" height=\"398\" src=\"https:\/\/sobrecomo-bm.fr\/wp-content\/uploads\/2024\/04\/illustration-travail.webp\" class=\"attachment-full size-full wp-image-4224\" alt=\"illustration-travail\" srcset=\"https:\/\/sobrecomo-bm.fr\/wp-content\/uploads\/2024\/04\/illustration-travail.webp 600w, https:\/\/sobrecomo-bm.fr\/wp-content\/uploads\/2024\/04\/illustration-travail-300x199.webp 300w\" sizes=\"(max-width: 600px) 100vw, 600px\" \/>\t\t\t\t\t\t\t\t\t\t\t\t\t<\/div>\n\t\t\t\t<\/div>\n\t\t\t\t<\/div>\n\t\t<div class=\"elementor-element elementor-element-4a567c39 e-con-full e-flex e-con e-child\" data-id=\"4a567c39\" data-element_type=\"container\">\n\t\t\t\t<div class=\"elementor-element elementor-element-10803544 elementor-widget elementor-widget-text-editor\" data-id=\"10803544\" data-element_type=\"widget\" data-widget_type=\"text-editor.default\">\n\t\t\t\t<div class=\"elementor-widget-container\">\n\t\t\t\t\t\t\t<p>Acteur de la r\u00e9ussite de votre entreprise, nous vous proposons nos services d\u2019expertise comptable. Mais bien au-del\u00e0 ! Nous nous inscrivons \u00e9galement comme de r\u00e9els partenaires avec une valeur \u201cconseil\u201d adapt\u00e9e \u00e0 votre r\u00e9alit\u00e9, selon votre march\u00e9, statut et ambition.<\/p><p>Que vous soyez cr\u00e9ateur d\u2019entreprise, artisan-commer\u00e7ant, PME-PMI ou profession lib\u00e9rale, nous vous donnons les cl\u00e9s pour avoir une bonne lecture comptable de votre entreprise et ainsi prendre les d\u00e9cisions les plus appropri\u00e9es.<\/p>\t\t\t\t\t\t<\/div>\n\t\t\t\t<\/div>\n\t\t\t\t<div class=\"elementor-element elementor-element-69509567 elementor-mobile-align-center elementor-widget elementor-widget-button\" data-id=\"69509567\" data-element_type=\"widget\" data-widget_type=\"button.default\">\n\t\t\t\t<div class=\"elementor-widget-container\">\n\t\t\t\t\t<div class=\"elementor-button-wrapper\">\n\t\t\t<a class=\"elementor-button elementor-button-link elementor-size-sm\" href=\"https:\/\/sobrecomo-bm.fr\/index.php\/contact\/\">\n\t\t\t\t\t\t<span class=\"elementor-button-content-wrapper\">\n\t\t\t\t\t\t\t\t\t<span class=\"elementor-button-text\">Nous contacter<\/span>\n\t\t\t\t\t<\/span>\n\t\t\t\t\t<\/a>\n\t\t<\/div>\n\t\t\t\t<\/div>\n\t\t\t\t<\/div>\n\t\t\t\t<\/div>\n\t\t\t\t<\/div>\n\t\t<div class=\"elementor-element elementor-element-cb94f28 e-con-full e-flex e-con e-parent\" data-id=\"cb94f28\" data-element_type=\"container\">\n\t\t<div class=\"elementor-element elementor-element-aff0782 e-con-full e-flex e-con e-child\" data-id=\"aff0782\" data-element_type=\"container\">\n\t\t\t\t<div class=\"elementor-element elementor-element-5c075a6 elementor-widget elementor-widget-spacer\" data-id=\"5c075a6\" data-element_type=\"widget\" data-widget_type=\"spacer.default\">\n\t\t\t\t<div class=\"elementor-widget-container\">\n\t\t\t\t\t<div class=\"elementor-spacer\">\n\t\t\t<div class=\"elementor-spacer-inner\"><\/div>\n\t\t<\/div>\n\t\t\t\t<\/div>\n\t\t\t\t<\/div>\n\t\t\t\t<div class=\"elementor-element elementor-element-6a7b8a27 elementor-widget elementor-widget-heading\" data-id=\"6a7b8a27\" data-element_type=\"widget\" data-widget_type=\"heading.default\">\n\t\t\t\t<div class=\"elementor-widget-container\">\n\t\t\t<h2 class=\"elementor-heading-title elementor-size-default\">NOS PRINCIPAUX SERVICES<\/h2>\t\t<\/div>\n\t\t\t\t<\/div>\n\t\t\t\t<div class=\"elementor-element elementor-element-734b2ca2 elementor-widget elementor-widget-text-editor\" data-id=\"734b2ca2\" data-element_type=\"widget\" data-widget_type=\"text-editor.default\">\n\t\t\t\t<div class=\"elementor-widget-container\">\n\t\t\t\t\t\t\t<p>Nous vous offrons un accompagnement sur mesure tout au long de votre parcours. Forts de notre proximit\u00e9 et de notre r\u00e9activit\u00e9, nous nous engageons \u00e0 vous fournir des solutions adapt\u00e9es, dans le respect de la d\u00e9ontologie, nous vous aidons \u00e0 trouver les meilleures<br \/>solutions.<\/p>\t\t\t\t\t\t<\/div>\n\t\t\t\t<\/div>\n\t\t<div class=\"elementor-element elementor-element-449190b e-flex e-con-boxed e-con e-child\" data-id=\"449190b\" data-element_type=\"container\">\n\t\t\t\t\t<div class=\"e-con-inner\">\n\t\t\t\t<div class=\"elementor-element elementor-element-31d2c15 elementor-widget elementor-widget-image\" data-id=\"31d2c15\" data-element_type=\"widget\" data-widget_type=\"image.default\">\n\t\t\t\t<div class=\"elementor-widget-container\">\n\t\t\t\t\t\t\t\t\t\t\t\t\t<img decoding=\"async\" width=\"800\" height=\"197\" src=\"https:\/\/sobrecomo-bm.fr\/wp-content\/uploads\/2024\/04\/icones-nos-services-1024x252.webp\" class=\"attachment-large size-large wp-image-3642\" alt=\"\" srcset=\"https:\/\/sobrecomo-bm.fr\/wp-content\/uploads\/2024\/04\/icones-nos-services-1024x252.webp 1024w, https:\/\/sobrecomo-bm.fr\/wp-content\/uploads\/2024\/04\/icones-nos-services-300x74.webp 300w, https:\/\/sobrecomo-bm.fr\/wp-content\/uploads\/2024\/04\/icones-nos-services-768x189.webp 768w, https:\/\/sobrecomo-bm.fr\/wp-content\/uploads\/2024\/04\/icones-nos-services.webp 1257w\" sizes=\"(max-width: 800px) 100vw, 800px\" \/>\t\t\t\t\t\t\t\t\t\t\t\t\t<\/div>\n\t\t\t\t<\/div>\n\t\t\t\t\t<\/div>\n\t\t\t\t<\/div>\n\t\t\t\t<div class=\"elementor-element elementor-element-98cb29c elementor-mobile-align-center elementor-invisible elementor-widget elementor-widget-button\" data-id=\"98cb29c\" data-element_type=\"widget\" data-settings=\"{&quot;_animation&quot;:&quot;fadeInDown&quot;}\" data-widget_type=\"button.default\">\n\t\t\t\t<div class=\"elementor-widget-container\">\n\t\t\t\t\t<div class=\"elementor-button-wrapper\">\n\t\t\t<a class=\"elementor-button elementor-button-link elementor-size-sm\" href=\"https:\/\/sobrecomo-bm.fr\/index.php\/accompagnement\/\">\n\t\t\t\t\t\t<span class=\"elementor-button-content-wrapper\">\n\t\t\t\t\t\t\t\t\t<span class=\"elementor-button-text\">Votre accompagnement<\/span>\n\t\t\t\t\t<\/span>\n\t\t\t\t\t<\/a>\n\t\t<\/div>\n\t\t\t\t<\/div>\n\t\t\t\t<\/div>\n\t\t\t\t<\/div>\n\t\t<div class=\"elementor-element elementor-element-29e7289 e-con-full e-flex e-con e-child\" data-id=\"29e7289\" data-element_type=\"container\">\n\t\t\t\t<div class=\"elementor-element elementor-element-446fdf9 elementor-widget__width-initial elementor-widget-tablet__width-inherit elementor-widget elementor-widget-image\" data-id=\"446fdf9\" data-element_type=\"widget\" data-widget_type=\"image.default\">\n\t\t\t\t<div class=\"elementor-widget-container\">\n\t\t\t\t\t\t\t\t\t\t\t\t\t<img decoding=\"async\" width=\"724\" height=\"774\" src=\"https:\/\/sobrecomo-bm.fr\/wp-content\/uploads\/2024\/04\/comptabilite-services-1.webp\" class=\"attachment-large size-large wp-image-1485\" alt=\"\" srcset=\"https:\/\/sobrecomo-bm.fr\/wp-content\/uploads\/2024\/04\/comptabilite-services-1.webp 724w, https:\/\/sobrecomo-bm.fr\/wp-content\/uploads\/2024\/04\/comptabilite-services-1-281x300.webp 281w\" sizes=\"(max-width: 724px) 100vw, 724px\" \/>\t\t\t\t\t\t\t\t\t\t\t\t\t<\/div>\n\t\t\t\t<\/div>\n\t\t\t\t<\/div>\n\t\t\t\t<\/div>\n\t\t<div class=\"elementor-element elementor-element-604834e6 e-flex e-con-boxed e-con e-parent\" data-id=\"604834e6\" data-element_type=\"container\" data-settings=\"{&quot;background_background&quot;:&quot;classic&quot;}\">\n\t\t\t\t\t<div class=\"e-con-inner\">\n\t\t<div class=\"elementor-element elementor-element-dd84f1e e-flex e-con-boxed e-con e-child\" data-id=\"dd84f1e\" data-element_type=\"container\">\n\t\t\t\t\t<div class=\"e-con-inner\">\n\t\t\t\t<div class=\"elementor-element elementor-element-1ef56b27 animated-slow elementor-invisible elementor-widget elementor-widget-heading\" data-id=\"1ef56b27\" data-element_type=\"widget\" data-settings=\"{&quot;_animation&quot;:&quot;slideInUp&quot;}\" data-widget_type=\"heading.default\">\n\t\t\t\t<div class=\"elementor-widget-container\">\n\t\t\t<h2 class=\"elementor-heading-title elementor-size-default\">QUI SOMMES NOUS ?<\/h2>\t\t<\/div>\n\t\t\t\t<\/div>\n\t\t\t\t\t<\/div>\n\t\t\t\t<\/div>\n\t\t<div class=\"elementor-element elementor-element-71276b6 e-flex e-con-boxed e-con e-child\" data-id=\"71276b6\" data-element_type=\"container\">\n\t\t\t\t\t<div class=\"e-con-inner\">\n\t\t\t\t<div class=\"elementor-element elementor-element-5c23b05 elementor-widget elementor-widget-text-editor\" data-id=\"5c23b05\" data-element_type=\"widget\" data-widget_type=\"text-editor.default\">\n\t\t\t\t<div class=\"elementor-widget-container\">\n\t\t\t\t\t\t\t<p>Guid\u00e9s par une vision commune et des valeurs partag\u00e9es, le chemin de Christian, Mathieu et Sabrina se sont crois\u00e9s \u00e0 diff\u00e9rentes p\u00e9riodes, depuis 2020.<\/p><p>D\u00e9sormais, ils portent, avec leur collectif d&#8217;employ\u00e9s, un ensemble de soci\u00e9t\u00e9s sur le secteur morbihannais&#8230;Avec comme mission d\u2019accompagner les chef.fe.s d\u2019entreprise dans<br \/>leur projet.<\/p>\t\t\t\t\t\t<\/div>\n\t\t\t\t<\/div>\n\t\t\t\t\t<\/div>\n\t\t\t\t<\/div>\n\t\t\t\t<div class=\"elementor-element elementor-element-72156b9 elementor-mobile-align-center elementor-invisible elementor-widget elementor-widget-button\" data-id=\"72156b9\" data-element_type=\"widget\" data-settings=\"{&quot;_animation&quot;:&quot;fadeInDown&quot;}\" data-widget_type=\"button.default\">\n\t\t\t\t<div class=\"elementor-widget-container\">\n\t\t\t\t\t<div class=\"elementor-button-wrapper\">\n\t\t\t<a class=\"elementor-button elementor-button-link elementor-size-sm\" href=\"https:\/\/sobrecomo-bm.fr\/index.php\/notre-adn\/\">\n\t\t\t\t\t\t<span class=\"elementor-button-content-wrapper\">\n\t\t\t\t\t\t\t\t\t<span class=\"elementor-button-text\">En savoir +<\/span>\n\t\t\t\t\t<\/span>\n\t\t\t\t\t<\/a>\n\t\t<\/div>\n\t\t\t\t<\/div>\n\t\t\t\t<\/div>\n\t\t\t\t\t<\/div>\n\t\t\t\t<\/div>\n\t\t<div class=\"elementor-element elementor-element-40f7981 e-flex e-con-boxed e-con e-parent\" data-id=\"40f7981\" data-element_type=\"container\">\n\t\t\t\t\t<div class=\"e-con-inner\">\n\t\t<div class=\"elementor-element elementor-element-62eac6c e-con-full e-flex e-con e-child\" data-id=\"62eac6c\" data-element_type=\"container\">\n\t\t\t\t<div class=\"elementor-element elementor-element-9eb4f82 elementor-widget elementor-widget-image\" data-id=\"9eb4f82\" data-element_type=\"widget\" data-widget_type=\"image.default\">\n\t\t\t\t<div class=\"elementor-widget-container\">\n\t\t\t\t\t\t\t\t\t\t\t\t\t<img loading=\"lazy\" decoding=\"async\" width=\"794\" height=\"559\" src=\"https:\/\/sobrecomo-bm.fr\/wp-content\/uploads\/2024\/04\/illustration-besoin-de-services.webp\" class=\"attachment-large size-large wp-image-2285\" alt=\"demande de conseils\" srcset=\"https:\/\/sobrecomo-bm.fr\/wp-content\/uploads\/2024\/04\/illustration-besoin-de-services.webp 794w, https:\/\/sobrecomo-bm.fr\/wp-content\/uploads\/2024\/04\/illustration-besoin-de-services-300x211.webp 300w, https:\/\/sobrecomo-bm.fr\/wp-content\/uploads\/2024\/04\/illustration-besoin-de-services-768x541.webp 768w\" sizes=\"(max-width: 794px) 100vw, 794px\" \/>\t\t\t\t\t\t\t\t\t\t\t\t\t<\/div>\n\t\t\t\t<\/div>\n\t\t\t\t<\/div>\n\t\t<div class=\"elementor-element elementor-element-1c44327 e-con-full e-flex e-con e-child\" data-id=\"1c44327\" data-element_type=\"container\">\n\t\t\t\t<div class=\"elementor-element elementor-element-a4701fd animated-slow elementor-invisible elementor-widget elementor-widget-heading\" data-id=\"a4701fd\" data-element_type=\"widget\" data-settings=\"{&quot;_animation&quot;:&quot;slideInUp&quot;}\" data-widget_type=\"heading.default\">\n\t\t\t\t<div class=\"elementor-widget-container\">\n\t\t\t<h2 class=\"elementor-heading-title elementor-size-default\">BESOIN D\u2019UN CONSEIL ? D\u2019UNE EXPERTISE SUR VOTRE DOSSIER ?<br><\/h2>\t\t<\/div>\n\t\t\t\t<\/div>\n\t\t\t\t<div class=\"elementor-element elementor-element-fe60bfd elementor-widget elementor-widget-text-editor\" data-id=\"fe60bfd\" data-element_type=\"widget\" data-widget_type=\"text-editor.default\">\n\t\t\t\t<div class=\"elementor-widget-container\">\n\t\t\t\t\t\t\t<p>Faites appel \u00e0 nos cabinets d\u2019expertise comptable, bas\u00e9s dans le Morbihan, et faites confiance \u00e0 un acteur de proximit\u00e9.<\/p>\t\t\t\t\t\t<\/div>\n\t\t\t\t<\/div>\n\t\t\t\t<div class=\"elementor-element elementor-element-ca21950 elementor-mobile-align-center elementor-invisible elementor-widget elementor-widget-button\" data-id=\"ca21950\" data-element_type=\"widget\" data-settings=\"{&quot;_animation&quot;:&quot;fadeInDown&quot;}\" data-widget_type=\"button.default\">\n\t\t\t\t<div class=\"elementor-widget-container\">\n\t\t\t\t\t<div class=\"elementor-button-wrapper\">\n\t\t\t<a class=\"elementor-button elementor-button-link elementor-size-sm\" href=\"https:\/\/sobrecomo-bm.fr\/index.php\/contact\/\">\n\t\t\t\t\t\t<span class=\"elementor-button-content-wrapper\">\n\t\t\t\t\t\t\t\t\t<span class=\"elementor-button-text\">Discutons de votre besoin<\/span>\n\t\t\t\t\t<\/span>\n\t\t\t\t\t<\/a>\n\t\t<\/div>\n\t\t\t\t<\/div>\n\t\t\t\t<\/div>\n\t\t\t\t<\/div>\n\t\t\t\t\t<\/div>\n\t\t\t\t<\/div>\n\t\t\t\t<\/div>\n\t\t","protected":false},"excerpt":{"rendered":"<p>Au service de votre comptabilit\u00e9 d&rsquo;entreprise Nous-contacter Acteur de la r\u00e9ussite de votre entreprise, nous vous proposons nos services d\u2019expertise comptable. Mais bien au-del\u00e0 ! Nous nous inscrivons \u00e9galement comme de r\u00e9els partenaires avec une valeur \u201cconseil\u201d adapt\u00e9e \u00e0 votre r\u00e9alit\u00e9, selon votre march\u00e9, statut et ambition. Que vous soyez cr\u00e9ateur d\u2019entreprise, artisan-commer\u00e7ant, PME-PMI ou [&hellip;]<\/p>\n","protected":false},"author":1,"featured_media":0,"parent":0,"menu_order":0,"comment_status":"closed","ping_status":"closed","template":"","meta":{"footnotes":""},"class_list":["post-73","page","type-page","status-publish","hentry"],"_links":{"self":[{"href":"https:\/\/sobrecomo-bm.fr\/index.php\/wp-json\/wp\/v2\/pages\/73","targetHints":{"allow":["GET"]}}],"collection":[{"href":"https:\/\/sobrecomo-bm.fr\/index.php\/wp-json\/wp\/v2\/pages"}],"about":[{"href":"https:\/\/sobrecomo-bm.fr\/index.php\/wp-json\/wp\/v2\/types\/page"}],"author":[{"embeddable":true,"href":"https:\/\/sobrecomo-bm.fr\/index.php\/wp-json\/wp\/v2\/users\/1"}],"replies":[{"embeddable":true,"href":"https:\/\/sobrecomo-bm.fr\/index.php\/wp-json\/wp\/v2\/comments?post=73"}],"version-history":[{"count":1412,"href":"https:\/\/sobrecomo-bm.fr\/index.php\/wp-json\/wp\/v2\/pages\/73\/revisions"}],"predecessor-version":[{"id":6467,"href":"https:\/\/sobrecomo-bm.fr\/index.php\/wp-json\/wp\/v2\/pages\/73\/revisions\/6467"}],"wp:attachment":[{"href":"https:\/\/sobrecomo-bm.fr\/index.php\/wp-json\/wp\/v2\/media?parent=73"}],"curies":[{"name":"wp","href":"https:\/\/api.w.org\/{rel}","templated":true}]}}